. Is d(5) prime?
False
Is -2 - -87 - 18/(-9) a composite number?
True
Suppose 2*v - 5*t - 31 = 0, 0*v - 2*t + 29 = v. Is (v/(-3))/1*-6 prime?
False
Let w(d) = d**2 + d**2 + 2 + d**3 - 4*d**2 - 8*d. Is w(9) a composite number?
True
Let c(v) = 3*v + 11. Let x be c(-9). Is (-1364)/x + 1/(-4) a prime number?
False
Let v be -1 - -3*(-2 - -1). Let r be v/10 - (-24)/10. Suppose d - 2*d + r*w + 20 = 0, 0 = 5*d + 4*w - 58. Is d a prime number?
False
Let h(k) = 129*k**2 + 2. Let i = 4 - 2. Let y be h(i). Suppose v = -v + y. Is v prime?
False
Let b(f) = -f**3 - 4*f**2 - 8*f - 6. Is b(-5) prime?
True
Let q(r) = 3*r**2 - r - 1. Let n be 30/7 - 2/7. Suppose -n*b = -3*h - 15, 4*b + 0*h - 11 = -h. Is q(b) prime?
True
Let a(i) = -8*i - 9. Let r(c) = c**2 + 9*c + 10. Let b(k) = 5*a(k) + 4*r(k). Is b(7) prime?
True
Suppose 6*p + 400 = 5254. Is p a composite number?
False
Is (-1 - 2*-189)/1 a composite number?
True
Let n = 282 + -401. Let q be (-1506)/8 - (-2 - (-21)/12). Let k = n - q. Is k prime?
False
Let s = -8 + 12. Let y(n) be the second derivative of n**5/20 - n**4/12 + n**3/6 + 3*n**2/2 + 10*n. Is y(s) prime?
False
Let i be 2/(-3) - (-16)/6. Suppose i*u = 4*u + 10. Is 2/u - 1236/(-15) composite?
True
Suppose 5*n = -2*a + 2654, 2*a - 2666 = -3*n + n. Is a a prime number?
False
Let g be (1494/(-15))/((-6)/15). Suppose 5*h - 4*h - g = 0. Is h a composite number?
True
Suppose y - 4*y - 30 = 0. Let i = 17 + y. Let x = 60 + i. Is x composite?
False
Let a(s) = s + 1 - 21*s + 11*s. Is a(-4) a composite number?
False
Let p be (-57)/(-12) - (-3)/12. Suppose w + j = 1 + 10, -w - p*j = 5. Is w prime?
False
Let a = 575 + -268. Is a a composite number?
False
Let c = 0 - 9. Let w be c/2*(-2)/3. Suppose -w*b + 24 = -198. Is b composite?
True
Suppose -2*w + 227 + 127 = 0. Suppose -3*m = -w - 162. Is m prime?
True
Suppose -4*a + 33 = 81. Is (-6)/a - (-645)/2 prime?
False
Suppose 3*n = 4*n - 19. Is n a prime number?
True
Is 4*4/(-8) + 76 prime?
False
Let j(t) = t**3 - 14*t**2 + 17*t + 25. Is j(17) composite?
False
Suppose 350 = -5*t + 2635. Is t composite?
False
Suppose 11*n - 3844 = 3097. Is n a composite number?
False
Let b = -139 + 390. Is b composite?
False
Suppose 3166 = 4*g - 2958. Is g a prime number?
True
Suppose -q - q = 0. Suppose 4*a + a - 395 = q. Is a prime?
True
Let o(r) = r. Let f be o(3). Suppose -3*b + 9 = 3*n - 75, 0 = -5*b + f*n + 116. Is b a prime number?
False
Let q(i) = -i - 1. Let g be q(-5). Suppose -5*o + 30 = 5*l, -19 - 6 = -g*l - 3*o. Is l a prime number?
True
Suppose -4*t = -5*y - 0*t - 115, 3*t + 80 = -5*y. Let l = y + 31. Let q = l - -3. Is q composite?
True
Let p(n) = n + 2. Suppose -3*g - 2*g = 0. Let u be p(g). Suppose -3*b = u*b - 95. Is b a composite number?
False
Let z be 153/15 - 2/10. Let g = z + 9. Is g a composite number?
False
Suppose 6*g - 1223 = -3*x + 2*g, -g - 1637 = -4*x. Is x composite?
False
Let m = 1 + -4. Is (0 - m) + (189 - -7) composite?
False
Let r = -13 + 5. Is 1545/20 + 2/r prime?
False
Let n = 6 - -32. Let z = 75 - n. Is z a composite number?
False
Let g = 6 - 4. Suppose 0 = g*f - 0*f - 8. Suppose 3*p = 4*w - 123, -f*w + p + 162 = w. Is w prime?
False
Let c(o) = -19*o. Is c(-5) a prime number?
False
Let a(v) = -2*v + 1. Let z be a(-1). Suppose -3*q + z*y + 196 = -2*q, 4*y = 12. Is q a composite number?
True
Suppose k + 2*b - 739 = 0, 3*k - 5*b = 6*k - 2222. Is k a prime number?
False
Suppose 0*b + 8 = 4*b. Suppose -2*z - 44 = -3*y, -z + 3 = b*y + 11. Let u = 22 + z. Is u a prime number?
False
Let g(v) = -v**2 - v - 1. Let q(s) = -8*s - 6. Let y(f) = g(f) + q(f). Let t = -14 - -8. Is y(t) a composite number?
False
Let c(v) = -v**3 + 4*v**2 + 7*v - 7. Let x = 1 - 4. Let t be (-1)/(2/(30/x)). Is c(t) prime?
True
Let s(k) = -k**2 + 23*k + 7. Is s(17) a prime number?
True
Suppose -2*i - 4*t = -32, 0*i - i = -4*t - 46. Suppose -3*u = -6, -3*u + 7 = -v + i. Is v composite?
True
Let r(g) = -g - 2. Let k be r(-2). Let m be (-1 + k/(-3))*-2. Suppose -m*u = -f - 46, 5*u - 14 = -3*f + 123. Is u composite?
True
Let z(u) = -3*u**2 - u + 3. Let b be z(-3). Let n be (-8)/2 + (3 - 1). Let f = n - b. Is f a composite number?
False
Let s = 195 - 32. Is s prime?
True
Suppose 5971 = 4*m + 3*m. Is m composite?
False
Let f be (2 - 2)/((-2)/(-2)). Suppose f*d = -2*d + 14. Is d composite?
False
Let u = 6 + -4. Let y(q) = q**2 - 5*q + 4. Let l be y(5). Suppose u*f - 187 = -2*f - 5*w, -f + 73 = -l*w. Is f a prime number?
True
Let i(m) = 95*m - 11. Let z be i(9). Is (z*(-1)/(-2))/2 prime?
True
Let f(q) = 389*q - 1. Is f(6) prime?
True
Let m(t) = 3*t - 1. Let v be m(3). Suppose 2*i - 3 = -i + 5*y, y = i + 1. Let o = i + v. Is o a composite number?
True
Let o = 2965 + -1995. Suppose 0 = -2*b - 6, 0 = 5*g - 0*g - 5*b - o. Is g a prime number?
True
Let l(x) = -464*x - 17. Let i be l(7). Is i/(-13) + 18/(-117) a composite number?
False
Suppose 22*u - 21*u = 3817. Is u a prime number?
False
Suppose 0 = -4*z + 16 - 4. Let b = 8 - z. Is -28*(b/(-4))/1 prime?
False
Let y(p) = 14*p + 4. Let q be y(8). Let h = q + -81. Is h composite?
True
Suppose 5*k + 2*k = 1085. Is k composite?
True
Suppose -6*b = -2*b. Suppose b = r - 0*r. Suppose j - 63 = -v, -j + r*j = -5*v + 327. Is v a composite number?
True
Let x(y) = y**3 + y**2. Let n be x(-1). Suppose n = d - 5*m + 198, -4*d = -d + 2*m + 577. Let u = d + 288. Is u composite?
True
Suppose -31*f + 35*f - 932 = 0. Is f a prime number?
True
Suppose 21*o = 14*o + 11851. Is o prime?
True
Suppose -15 = -3*t + 96. Is t a prime number?
True
Is (-6)/24 - (-375)/12 composite?
False
Let n(r) = r**2 - 8*r + 10. Let j be n(8). Let l be ((-152)/j)/(2/(-10)). Suppose -57 = -3*g - 2*v, -2*g = 2*g + 2*v - l. Is g composite?
False
Let p = 2 + 127. Is p a prime number?
False
Let f(a) = 5*a**2 - 8*a + 7. Is f(12) composite?
False
Suppose -h - 1 = -0*h. Let w be ((-20)/25)/(h/325). Suppose -4*s = -w - 336. Is s a composite number?
False
Let s = 12 + -10. Suppose -5*b = -s*u - 1811, 4*b - 1098 = b + 5*u. Is b composite?
True
Suppose 10478 = 4*q - 1958. Is q a prime number?
True
Let h = 7 + -5. Let b(k) = -15*k + 3. Let u be b(h). Let r = 64 + u. Is r prime?
True
Let o(r) = -8*r**2 - 3*r. Let p be o(-11). Let l = -516 - p. Is l a prime number?
True
Is 23 - (-1 + (3 - 2)) a composite number?
False
Suppose 1645 = 2*c + 533. Is c/16 + (-2)/(-8) prime?
False
Suppose -5*m + u = -31, 31 + 24 = 5*m + 5*u. Suppose -2 = z - 2*c + 3*c, -3*z = 2*c + m. Let y = 5 + z. Is y prime?
True
Let s be (94/(-3))/(4/(-6)). Let r = s - 22. Is r a composite number?
True
Let l(g) = 14*g**2 - 7*g + 7. Is l(-4) prime?
False
Let n(q) = -7 + 12*q - 28*q + 7*q - 36*q. Is n(-2) a composite number?
False
Suppose -3 = 4*r - 11. Suppose -3 + 1 = r*v. Is (7 - v*2) + 2 composite?
False
Let v(h) = -h + 5. Let y be v(3). Suppose 4*s - 4*t = -0*t + 8, -y*t + 8 = s. Suppose -4*w - s*n - 36 = -164, -3*w + 121 = -2*n. Is w prime?
True
Let c = -66 + 47. Let t = c + 41. Is t composite?
True
Let b(w) = w**3 - 4*w**2 + 3*w + 127. Let s(q) = -3*q**3 + 11*q**2 - 8*q - 381. Let k be 3*-3 + -4 + 2. Let r(h) = k*b(h) - 4*s(h). Is r(0) prime?
True
Let z = -69 - -112. Is z prime?
True
Let c be (-146)/(1 + (0 - 2)). Suppose -2*w = 2*w + 196. Let m = w + c. Is m composite?
False
Let f be ((-8)/28)/((-2)/14). Suppose -5*w - 156 = -f*w. Let r = w + 87. Is r a prime number?
False
Let x = -1 - -3. Suppose 2*k = u - 64, -x*u + 5*u - 190 = 5*k. Suppose 0*c - u = -4*c. Is c prime?
False
Suppose 0 = h - 1 - 1. Let p(t) = -t**3 + 7*t**2 + 10*t - 9. Let n be p(8). Suppose -h*m + n*m = 165. Is m prime?
False
Suppose 40 + 304 = 8*t. Is t a composite number?
False
Suppose 2*n - 9*n + 8351 = 0. Is n a prime number?
True
Let c be (3 - 2)*1 - -3. Is (264/(-15))/c*-5 composite?
True
Suppose -2944 = -3*i + 2*w, -4*i + 4*w = -0*w - 3920. Suppose 3*c + 2*s - 4*s - 763 = 0, -4*s + i = 4*c. Is c a prime number?
True
Suppose 2*q + 20 = -3*r + q, -3*q - 11 = 2*r. Let h(s) = -36*s + 1. Is h(r) prime?
False
Suppose 2*h + 2*j - 612 = 0, -1635 = -5*h + 5*j - 115. Suppose -4*u + 539 = -h. Is u composite?
False
Let i(u) = -u**3 - 5*u**2 - 4*u + 4. Let z be i(-4). Suppose 8*b + 4 = z*b. Let g(p) = -54*p**3 - 2*p**2 - p. Is g(b) a composite number?
False
Suppose 3*c - 647 = -2*z, 855 = 4*c - 7*z + 2*z. Is c a compos